{"id":67,"date":"2025-05-13T16:03:31","date_gmt":"2025-05-13T16:03:31","guid":{"rendered":"https:\/\/cooppaca.com\/?page_id=67"},"modified":"2025-07-01T18:38:52","modified_gmt":"2025-07-01T18:38:52","slug":"quines-somos","status":"publish","type":"page","link":"https:\/\/cooppaca.com\/index.php\/quines-somos\/","title":{"rendered":"Quines Somos"},"content":{"rendered":"\t\t<div data-elementor-type=\"wp-page\" data-elementor-id=\"67\" class=\"elementor elementor-67\" data-elementor-post-type=\"page\">\n\t\t\t\t<div class=\"elementor-element elementor-element-a9ba9fc e-flex e-con-boxed e-con e-parent\" data-id=\"a9ba9fc\" data-element_type=\"container\" data-settings=\"{&quot;background_background&quot;:&quot;classic&quot;}\">\n\t\t\t\t\t<div class=\"e-con-inner\">\n\t\t\t\t\t<\/div>\n\t\t\t\t<\/div>\n\t\t<div class=\"elementor-element elementor-element-2567109 e-flex e-con-boxed e-con e-parent\" data-id=\"2567109\" data-element_type=\"container\">\n\t\t\t\t\t<div class=\"e-con-inner\">\n\t\t\t\t<div class=\"elementor-element elementor-element-1609128 elementor-widget elementor-widget-heading\" data-id=\"1609128\" data-element_type=\"widget\" data-widget_type=\"heading.default\">\n\t\t\t\t<div class=\"elementor-widget-container\">\n\t\t\t\t\t<h2 class=\"elementor-heading-title elementor-size-default\">QUIENES SOMOS <\/h2>\t\t\t\t<\/div>\n\t\t\t\t<\/div>\n\t\t\t\t\t<\/div>\n\t\t\t\t<\/div>\n\t\t<div class=\"elementor-element elementor-element-5a9f517 e-flex e-con-boxed e-con e-parent\" data-id=\"5a9f517\" data-element_type=\"container\">\n\t\t\t\t\t<div class=\"e-con-inner\">\n\t\t<div class=\"elementor-element elementor-element-1989c49 e-con-full e-flex e-con e-child\" data-id=\"1989c49\" data-element_type=\"container\">\n\t\t\t\t<div class=\"elementor-element elementor-element-1a4080f elementor-widget elementor-widget-image\" data-id=\"1a4080f\" data-element_type=\"widget\" data-widget_type=\"image.default\">\n\t\t\t\t<div class=\"elementor-widget-container\">\n\t\t\t\t\t\t\t\t\t\t\t\t\t\t\t<img fetchpriority=\"high\" decoding=\"async\" width=\"1076\" height=\"948\" src=\"https:\/\/cooppaca.com\/wp-content\/uploads\/2025\/05\/COOPPACA-LOCAL-.jpg\" class=\"attachment-1536x1536 size-1536x1536 wp-image-70\" alt=\"COOPPACA LOCAL\" srcset=\"https:\/\/cooppaca.com\/wp-content\/uploads\/2025\/05\/COOPPACA-LOCAL-.jpg 1076w, https:\/\/cooppaca.com\/wp-content\/uploads\/2025\/05\/COOPPACA-LOCAL--300x264.jpg 300w, https:\/\/cooppaca.com\/wp-content\/uploads\/2025\/05\/COOPPACA-LOCAL--1024x902.jpg 1024w, https:\/\/cooppaca.com\/wp-content\/uploads\/2025\/05\/COOPPACA-LOCAL--768x677.jpg 768w\" sizes=\"(max-width: 1076px) 100vw, 1076px\" \/>\t\t\t\t\t\t\t\t\t\t\t\t\t\t\t<\/div>\n\t\t\t\t<\/div>\n\t\t\t\t<\/div>\n\t\t<div class=\"elementor-element elementor-element-74a95a6 e-con-full e-flex e-con e-child\" data-id=\"74a95a6\" data-element_type=\"container\">\n\t\t\t\t<div class=\"elementor-element elementor-element-b40e5ee elementor-widget elementor-widget-text-editor\" data-id=\"b40e5ee\" data-element_type=\"widget\" data-widget_type=\"text-editor.default\">\n\t\t\t\t<div class=\"elementor-widget-container\">\n\t\t\t\t\t\t\t\t\t<p class=\"\" data-start=\"244\" data-end=\"656\"><strong data-start=\"244\" data-end=\"272\">La Cooperativa COOPPACA<\/strong> es una entidad solidaria fundada sobre los principios del cooperativismo, con un firme compromiso hacia el desarrollo integral de sus socios, sus familias y la comunidad en general. Nuestra raz\u00f3n de ser es <strong data-start=\"479\" data-end=\"525\">contribuir al bienestar econ\u00f3mico y social<\/strong>, a trav\u00e9s de la oferta de productos y servicios de calidad, adaptados a las verdaderas necesidades de quienes conf\u00edan en nosotros.<\/p><p class=\"\" data-start=\"658\" data-end=\"1041\">En COOPPACA trabajamos con una visi\u00f3n clara: ser l\u00edderes en la prestaci\u00f3n de servicios seguros, eficientes y competitivos, que promuevan el crecimiento, la transformaci\u00f3n y la sostenibilidad de nuestros asociados. Creemos firmemente en la cooperaci\u00f3n como herramienta de progreso, en el respeto por la dignidad humana y en la inclusi\u00f3n de todos los sectores sociales sin distinci\u00f3n.<\/p><p class=\"\" data-start=\"1043\" data-end=\"1361\">Nuestro accionar se gu\u00eda por valores profundamente humanos y cooperativos como la <strong data-start=\"1125\" data-end=\"1140\">ayuda mutua<\/strong>, la <strong data-start=\"1145\" data-end=\"1160\">solidaridad<\/strong>, la <strong data-start=\"1165\" data-end=\"1179\">democracia<\/strong>, la <strong data-start=\"1184\" data-end=\"1203\">responsabilidad<\/strong>, la <strong data-start=\"1208\" data-end=\"1220\">igualdad<\/strong> y la <strong data-start=\"1226\" data-end=\"1244\">equidad social<\/strong>, principios que forman parte del ADN de nuestra instituci\u00f3n y se reflejan en cada decisi\u00f3n y servicio que ofrecemos.<\/p><p class=\"\" data-start=\"1363\" data-end=\"1564\">Como cooperativa, fomentamos la participaci\u00f3n activa de nuestros socios en los procesos de toma de decisiones, garantizando transparencia, gobernanza y el fortalecimiento de la comunidad desde adentro.<\/p><p class=\"\" data-start=\"1566\" data-end=\"1780\"><strong data-start=\"1566\" data-end=\"1579\">COOPPACA<\/strong> es m\u00e1s que una instituci\u00f3n financiera; es un espacio de crecimiento colectivo, de respaldo en los momentos clave de la vida, y un aliado confiable en el camino hacia un futuro m\u00e1s pr\u00f3spero para todos.<\/p>\t\t\t\t\t\t\t\t<\/div>\n\t\t\t\t<\/div>\n\t\t\t\t<\/div>\n\t\t\t\t\t<\/div>\n\t\t\t\t<\/div>\n\t\t<div class=\"elementor-element elementor-element-554664e e-flex e-con-boxed e-con e-parent\" data-id=\"554664e\" data-element_type=\"container\">\n\t\t\t\t\t<div class=\"e-con-inner\">\n\t\t\t\t<div class=\"elementor-element elementor-element-b02d445 elementor-widget elementor-widget-html\" data-id=\"b02d445\" data-element_type=\"widget\" data-widget_type=\"html.default\">\n\t\t\t\t<div class=\"elementor-widget-container\">\n\t\t\t\t\t\r\n<h1>Misi\u00f3n, Visi\u00f3n y Valores<\/h1>\r\n\r\n<div class=\"container\">\r\n  <div class=\"card\">\r\n    <div class=\"icon\">\ud83c\udfaf<\/div>\r\n    <h3>Misi\u00f3n<\/h3>\r\n    <p>Contribuir al desarrollo  y bienestar de \r\nlos socios y sus familias,  ofertando \r\nproductos y servicios  que responden \r\na las necesidades de los socios con \r\naltos est\u00e1ndares de calidad, para el \r\nbienestar social y econ\u00f3mico de la comunidad y que responde a las \r\nnecesidades de los asociados.<\/p>\r\n  <\/div>\r\n  <div class=\"card\">\r\n    <div class=\"icon\">\ud83d\udc41\ufe0f<\/div>\r\n    <h3>Visi\u00f3n<\/h3>\r\n    <p>Ser l\u00edder en la prestaci\u00f3n de servicios \r\nde calidad de  manera competitiva, logrando satisfacer necesidades de seguridad, desarrollo y transformaci\u00f3n \r\nen nuestros socios y sectores relacionados.<\/p>\r\n  <\/div>\r\n  <div class=\"card\">\r\n    <div class=\"icon\">\u2764\ufe0f<\/div>\r\n    <h3>Valores<\/h3>\r\n    <p>\u2022 Ayuda mutua. <br>\r\n     \u2022 Responsabilidad. <br>\r\n     \u2022 Democracia.<br>\r\n     \u2022 Igualdad. <br>\r\n     \u2022 Equidad social.<br>\r\n      \u2022 Solidaridad.\r\n    \r\n    \r\n    <\/p>\r\n  <\/div>\r\n<\/div>\r\n\r\n\r\n\t\t\t\t<\/div>\n\t\t\t\t<\/div>\n\t\t\t\t\t<\/div>\n\t\t\t\t<\/div>\n\t\t<div class=\"elementor-element elementor-element-3c10d25 e-flex e-con-boxed e-con e-parent\" data-id=\"3c10d25\" data-element_type=\"container\">\n\t\t\t\t\t<div class=\"e-con-inner\">\n\t\t\t\t<div class=\"elementor-element elementor-element-95fd6db elementor-widget elementor-widget-heading\" data-id=\"95fd6db\" data-element_type=\"widget\" data-widget_type=\"heading.default\">\n\t\t\t\t<div class=\"elementor-widget-container\">\n\t\t\t\t\t<h2 class=\"elementor-heading-title elementor-size-default\">MEMORIA <\/h2>\t\t\t\t<\/div>\n\t\t\t\t<\/div>\n\t\t\t\t\t<\/div>\n\t\t\t\t<\/div>\n\t\t<div class=\"elementor-element elementor-element-c271c6a e-flex e-con-boxed e-con e-parent\" data-id=\"c271c6a\" data-element_type=\"container\">\n\t\t\t\t\t<div class=\"e-con-inner\">\n\t\t<div class=\"elementor-element elementor-element-4937dbe e-grid e-con-full e-con e-child\" data-id=\"4937dbe\" data-element_type=\"container\">\n\t\t\t\t<div class=\"elementor-element elementor-element-aecdd83 elementor-widget elementor-widget-image\" data-id=\"aecdd83\" data-element_type=\"widget\" data-widget_type=\"image.default\">\n\t\t\t\t<div class=\"elementor-widget-container\">\n\t\t\t\t\t\t\t\t\t\t\t\t\t\t\t<img decoding=\"async\" width=\"235\" height=\"300\" src=\"https:\/\/cooppaca.com\/wp-content\/uploads\/2025\/05\/\u00b4padre-235x300.png\" class=\"attachment-medium size-medium wp-image-202\" alt=\"\" srcset=\"https:\/\/cooppaca.com\/wp-content\/uploads\/2025\/05\/\u00b4padre-235x300.png 235w, https:\/\/cooppaca.com\/wp-content\/uploads\/2025\/05\/\u00b4padre-801x1024.png 801w, https:\/\/cooppaca.com\/wp-content\/uploads\/2025\/05\/\u00b4padre-768x982.png 768w, https:\/\/cooppaca.com\/wp-content\/uploads\/2025\/05\/\u00b4padre-1201x1536.png 1201w, https:\/\/cooppaca.com\/wp-content\/uploads\/2025\/05\/\u00b4padre.png 1391w\" sizes=\"(max-width: 235px) 100vw, 235px\" \/>\t\t\t\t\t\t\t\t\t\t\t\t\t\t\t<\/div>\n\t\t\t\t<\/div>\n\t\t\t\t<div class=\"elementor-element elementor-element-6021f21 elementor-align-center elementor-widget elementor-widget-button\" data-id=\"6021f21\" data-element_type=\"widget\" data-widget_type=\"button.default\">\n\t\t\t\t<div class=\"elementor-widget-container\">\n\t\t\t\t\t\t\t\t\t<div class=\"elementor-button-wrapper\">\n\t\t\t\t\t<a class=\"elementor-button elementor-button-link elementor-size-sm\" href=\"#\">\n\t\t\t\t\t\t<span class=\"elementor-button-content-wrapper\">\n\t\t\t\t\t\t\t\t\t<span class=\"elementor-button-text\">Haz clic aqu\u00ed<\/span>\n\t\t\t\t\t<\/span>\n\t\t\t\t\t<\/a>\n\t\t\t\t<\/div>\n\t\t\t\t\t\t\t\t<\/div>\n\t\t\t\t<\/div>\n\t\t\t\t<\/div>\n\t\t\t\t\t<\/div>\n\t\t\t\t<\/div>\n\t\t\t\t<\/div>\n\t\t","protected":false},"excerpt":{"rendered":"<p>QUIENES SOMOS La Cooperativa COOPPACA es una entidad solidaria fundada sobre los principios del cooperativismo, con un firme compromiso hacia [&hellip;]<\/p>\n","protected":false},"author":1,"featured_media":0,"parent":0,"menu_order":0,"comment_status":"closed","ping_status":"closed","template":"","meta":{"site-sidebar-layout":"no-sidebar","site-content-layout":"","ast-site-content-layout":"full-width-container","site-content-style":"default","site-sidebar-style":"default","ast-global-header-display":"","ast-banner-title-visibility":"","ast-main-header-display":"","ast-hfb-above-header-display":"","ast-hfb-below-header-display":"","ast-hfb-mobile-header-display":"","site-post-title":"disabled","ast-breadcrumbs-content":"","ast-featured-img":"disabled","footer-sml-layout":"","theme-transparent-header-meta":"","adv-header-id-meta":"","stick-header-meta":"","header-above-stick-meta":"","header-main-stick-meta":"","header-below-stick-meta":"","astra-migrate-meta-layouts":"default","ast-page-background-enabled":"default","ast-page-background-meta":{"desktop":{"background-color":"var(--ast-global-color-5)","background-image":"","background-repeat":"repeat","background-position":"center center","background-size":"auto","background-attachment":"scroll","background-type":"","background-media":"","overlay-type":"","overlay-color":"","overlay-opacity":"","overlay-gradient":""},"tablet":{"background-color":"","background-image":"","background-repeat":"repeat","background-position":"center center","background-size":"auto","background-attachment":"scroll","background-type":"","background-media":"","overlay-type":"","overlay-color":"","overlay-opacity":"","overlay-gradient":""},"mobile":{"background-color":"","background-image":"","background-repeat":"repeat","background-position":"center center","background-size":"auto","background-attachment":"scroll","background-type":"","background-media":"","overlay-type":"","overlay-color":"","overlay-opacity":"","overlay-gradient":""}},"ast-content-background-meta":{"desktop":{"background-color":"var(--ast-global-color-4)","background-image":"","background-repeat":"repeat","background-position":"center center","background-size":"auto","background-attachment":"scroll","background-type":"","background-media":"","overlay-type":"","overlay-color":"","overlay-opacity":"","overlay-gradient":""},"tablet":{"background-color":"var(--ast-global-color-4)","background-image":"","background-repeat":"repeat","background-position":"center center","background-size":"auto","background-attachment":"scroll","background-type":"","background-media":"","overlay-type":"","overlay-color":"","overlay-opacity":"","overlay-gradient":""},"mobile":{"background-color":"var(--ast-global-color-4)","background-image":"","background-repeat":"repeat","background-position":"center center","background-size":"auto","background-attachment":"scroll","background-type":"","background-media":"","overlay-type":"","overlay-color":"","overlay-opacity":"","overlay-gradient":""}},"footnotes":""},"class_list":["post-67","page","type-page","status-publish","hentry"],"yoast_head":"<!-- This site is optimized with the Yoast SEO plugin v26.8 - https:\/\/yoast.com\/product\/yoast-seo-wordpress\/ -->\n<title>Quines Somos - cooppaca<\/title>\n<meta name=\"robots\" content=\"index, follow, max-snippet:-1, max-image-preview:large, max-video-preview:-1\" \/>\n<link rel=\"canonical\" href=\"https:\/\/cooppaca.com\/index.php\/quines-somos\/\" \/>\n<meta property=\"og:locale\" content=\"es_ES\" \/>\n<meta property=\"og:type\" content=\"article\" \/>\n<meta property=\"og:title\" content=\"Quines Somos - cooppaca\" \/>\n<meta property=\"og:description\" content=\"QUIENES SOMOS La Cooperativa COOPPACA es una entidad solidaria fundada sobre los principios del cooperativismo, con un firme compromiso hacia [&hellip;]\" \/>\n<meta property=\"og:url\" content=\"https:\/\/cooppaca.com\/index.php\/quines-somos\/\" \/>\n<meta property=\"og:site_name\" content=\"cooppaca\" \/>\n<meta property=\"article:modified_time\" content=\"2025-07-01T18:38:52+00:00\" \/>\n<meta property=\"og:image\" content=\"https:\/\/cooppaca.com\/wp-content\/uploads\/2025\/05\/COOPPACA-LOCAL-.jpg\" \/>\n\t<meta property=\"og:image:width\" content=\"1076\" \/>\n\t<meta property=\"og:image:height\" content=\"948\" \/>\n\t<meta property=\"og:image:type\" content=\"image\/jpeg\" \/>\n<meta name=\"twitter:card\" content=\"summary_large_image\" \/>\n<meta name=\"twitter:label1\" content=\"Est. reading time\" \/>\n\t<meta name=\"twitter:data1\" content=\"3 minutos\" \/>\n<script type=\"application\/ld+json\" class=\"yoast-schema-graph\">{\"@context\":\"https:\/\/schema.org\",\"@graph\":[{\"@type\":\"WebPage\",\"@id\":\"https:\/\/cooppaca.com\/index.php\/quines-somos\/\",\"url\":\"https:\/\/cooppaca.com\/index.php\/quines-somos\/\",\"name\":\"Quines Somos - cooppaca\",\"isPartOf\":{\"@id\":\"https:\/\/cooppaca.com\/#website\"},\"primaryImageOfPage\":{\"@id\":\"https:\/\/cooppaca.com\/index.php\/quines-somos\/#primaryimage\"},\"image\":{\"@id\":\"https:\/\/cooppaca.com\/index.php\/quines-somos\/#primaryimage\"},\"thumbnailUrl\":\"https:\/\/cooppaca.com\/wp-content\/uploads\/2025\/05\/COOPPACA-LOCAL-.jpg\",\"datePublished\":\"2025-05-13T16:03:31+00:00\",\"dateModified\":\"2025-07-01T18:38:52+00:00\",\"breadcrumb\":{\"@id\":\"https:\/\/cooppaca.com\/index.php\/quines-somos\/#breadcrumb\"},\"inLanguage\":\"es-DO\",\"potentialAction\":[{\"@type\":\"ReadAction\",\"target\":[\"https:\/\/cooppaca.com\/index.php\/quines-somos\/\"]}]},{\"@type\":\"ImageObject\",\"inLanguage\":\"es-DO\",\"@id\":\"https:\/\/cooppaca.com\/index.php\/quines-somos\/#primaryimage\",\"url\":\"https:\/\/cooppaca.com\/wp-content\/uploads\/2025\/05\/COOPPACA-LOCAL-.jpg\",\"contentUrl\":\"https:\/\/cooppaca.com\/wp-content\/uploads\/2025\/05\/COOPPACA-LOCAL-.jpg\",\"width\":1076,\"height\":948,\"caption\":\"COOPPACA LOCAL\"},{\"@type\":\"BreadcrumbList\",\"@id\":\"https:\/\/cooppaca.com\/index.php\/quines-somos\/#breadcrumb\",\"itemListElement\":[{\"@type\":\"ListItem\",\"position\":1,\"name\":\"Home\",\"item\":\"https:\/\/cooppaca.com\/\"},{\"@type\":\"ListItem\",\"position\":2,\"name\":\"Quines Somos\"}]},{\"@type\":\"WebSite\",\"@id\":\"https:\/\/cooppaca.com\/#website\",\"url\":\"https:\/\/cooppaca.com\/\",\"name\":\"cooppaca\",\"description\":\"COOPERATIVA DE AHORRO,  CR\u00c9DITO Y SERVICIOS M\u00daLTIPLES, INC.  PADRE LAS CASAS -COOPPACA\",\"publisher\":{\"@id\":\"https:\/\/cooppaca.com\/#organization\"},\"potentialAction\":[{\"@type\":\"SearchAction\",\"target\":{\"@type\":\"EntryPoint\",\"urlTemplate\":\"https:\/\/cooppaca.com\/?s={search_term_string}\"},\"query-input\":{\"@type\":\"PropertyValueSpecification\",\"valueRequired\":true,\"valueName\":\"search_term_string\"}}],\"inLanguage\":\"es-DO\"},{\"@type\":\"Organization\",\"@id\":\"https:\/\/cooppaca.com\/#organization\",\"name\":\"cooppaca\",\"url\":\"https:\/\/cooppaca.com\/\",\"logo\":{\"@type\":\"ImageObject\",\"inLanguage\":\"es-DO\",\"@id\":\"https:\/\/cooppaca.com\/#\/schema\/logo\/image\/\",\"url\":\"https:\/\/cooppaca.com\/wp-content\/uploads\/2025\/05\/cropped-coopaca-logo-new-png.png\",\"contentUrl\":\"https:\/\/cooppaca.com\/wp-content\/uploads\/2025\/05\/cropped-coopaca-logo-new-png.png\",\"width\":983,\"height\":225,\"caption\":\"cooppaca\"},\"image\":{\"@id\":\"https:\/\/cooppaca.com\/#\/schema\/logo\/image\/\"}}]}<\/script>\n<!-- \/ Yoast SEO plugin. -->","yoast_head_json":{"title":"Quines Somos - cooppaca","robots":{"index":"index","follow":"follow","max-snippet":"max-snippet:-1","max-image-preview":"max-image-preview:large","max-video-preview":"max-video-preview:-1"},"canonical":"https:\/\/cooppaca.com\/index.php\/quines-somos\/","og_locale":"es_ES","og_type":"article","og_title":"Quines Somos - cooppaca","og_description":"QUIENES SOMOS La Cooperativa COOPPACA es una entidad solidaria fundada sobre los principios del cooperativismo, con un firme compromiso hacia [&hellip;]","og_url":"https:\/\/cooppaca.com\/index.php\/quines-somos\/","og_site_name":"cooppaca","article_modified_time":"2025-07-01T18:38:52+00:00","og_image":[{"width":1076,"height":948,"url":"https:\/\/cooppaca.com\/wp-content\/uploads\/2025\/05\/COOPPACA-LOCAL-.jpg","type":"image\/jpeg"}],"twitter_card":"summary_large_image","twitter_misc":{"Est. reading time":"3 minutos"},"schema":{"@context":"https:\/\/schema.org","@graph":[{"@type":"WebPage","@id":"https:\/\/cooppaca.com\/index.php\/quines-somos\/","url":"https:\/\/cooppaca.com\/index.php\/quines-somos\/","name":"Quines Somos - cooppaca","isPartOf":{"@id":"https:\/\/cooppaca.com\/#website"},"primaryImageOfPage":{"@id":"https:\/\/cooppaca.com\/index.php\/quines-somos\/#primaryimage"},"image":{"@id":"https:\/\/cooppaca.com\/index.php\/quines-somos\/#primaryimage"},"thumbnailUrl":"https:\/\/cooppaca.com\/wp-content\/uploads\/2025\/05\/COOPPACA-LOCAL-.jpg","datePublished":"2025-05-13T16:03:31+00:00","dateModified":"2025-07-01T18:38:52+00:00","breadcrumb":{"@id":"https:\/\/cooppaca.com\/index.php\/quines-somos\/#breadcrumb"},"inLanguage":"es-DO","potentialAction":[{"@type":"ReadAction","target":["https:\/\/cooppaca.com\/index.php\/quines-somos\/"]}]},{"@type":"ImageObject","inLanguage":"es-DO","@id":"https:\/\/cooppaca.com\/index.php\/quines-somos\/#primaryimage","url":"https:\/\/cooppaca.com\/wp-content\/uploads\/2025\/05\/COOPPACA-LOCAL-.jpg","contentUrl":"https:\/\/cooppaca.com\/wp-content\/uploads\/2025\/05\/COOPPACA-LOCAL-.jpg","width":1076,"height":948,"caption":"COOPPACA LOCAL"},{"@type":"BreadcrumbList","@id":"https:\/\/cooppaca.com\/index.php\/quines-somos\/#breadcrumb","itemListElement":[{"@type":"ListItem","position":1,"name":"Home","item":"https:\/\/cooppaca.com\/"},{"@type":"ListItem","position":2,"name":"Quines Somos"}]},{"@type":"WebSite","@id":"https:\/\/cooppaca.com\/#website","url":"https:\/\/cooppaca.com\/","name":"cooppaca","description":"COOPERATIVA DE AHORRO,  CR\u00c9DITO Y SERVICIOS M\u00daLTIPLES, INC.  PADRE LAS CASAS -COOPPACA","publisher":{"@id":"https:\/\/cooppaca.com\/#organization"},"potentialAction":[{"@type":"SearchAction","target":{"@type":"EntryPoint","urlTemplate":"https:\/\/cooppaca.com\/?s={search_term_string}"},"query-input":{"@type":"PropertyValueSpecification","valueRequired":true,"valueName":"search_term_string"}}],"inLanguage":"es-DO"},{"@type":"Organization","@id":"https:\/\/cooppaca.com\/#organization","name":"cooppaca","url":"https:\/\/cooppaca.com\/","logo":{"@type":"ImageObject","inLanguage":"es-DO","@id":"https:\/\/cooppaca.com\/#\/schema\/logo\/image\/","url":"https:\/\/cooppaca.com\/wp-content\/uploads\/2025\/05\/cropped-coopaca-logo-new-png.png","contentUrl":"https:\/\/cooppaca.com\/wp-content\/uploads\/2025\/05\/cropped-coopaca-logo-new-png.png","width":983,"height":225,"caption":"cooppaca"},"image":{"@id":"https:\/\/cooppaca.com\/#\/schema\/logo\/image\/"}}]}},"_links":{"self":[{"href":"https:\/\/cooppaca.com\/index.php\/wp-json\/wp\/v2\/pages\/67","targetHints":{"allow":["GET"]}}],"collection":[{"href":"https:\/\/cooppaca.com\/index.php\/wp-json\/wp\/v2\/pages"}],"about":[{"href":"https:\/\/cooppaca.com\/index.php\/wp-json\/wp\/v2\/types\/page"}],"author":[{"embeddable":true,"href":"https:\/\/cooppaca.com\/index.php\/wp-json\/wp\/v2\/users\/1"}],"replies":[{"embeddable":true,"href":"https:\/\/cooppaca.com\/index.php\/wp-json\/wp\/v2\/comments?post=67"}],"version-history":[{"count":15,"href":"https:\/\/cooppaca.com\/index.php\/wp-json\/wp\/v2\/pages\/67\/revisions"}],"predecessor-version":[{"id":256,"href":"https:\/\/cooppaca.com\/index.php\/wp-json\/wp\/v2\/pages\/67\/revisions\/256"}],"wp:attachment":[{"href":"https:\/\/cooppaca.com\/index.php\/wp-json\/wp\/v2\/media?parent=67"}],"curies":[{"name":"wp","href":"https:\/\/api.w.org\/{rel}","templated":true}]}}